{"id":85,"date":"2014-04-09T17:51:03","date_gmt":"2014-04-09T20:51:03","guid":{"rendered":"https:\/\/semat.ci.ifes.edu.br\/?page_id=85"},"modified":"2026-04-22T18:54:57","modified_gmt":"2026-04-22T21:54:57","slug":"apresentacao","status":"publish","type":"page","link":"https:\/\/semat.cachoeiro.ifes.edu.br\/","title":{"rendered":"Apresenta\u00e7\u00e3o"},"content":{"rendered":"<p style=\"text-align: center;\"><strong>XI SEMAT \u2013 Semin\u00e1rio Nacional da Licenciatura em Matem\u00e1tica \u2013 Ifes Campus Cachoeiro de Itapemirim<\/strong><\/p>\n<p><strong>\u00a0 \u00a0 \u00a0 \u00a0 \u00a0 \u00a0 \u00a0 \u00a0 \u00a0 \u00a0 \u00a0 \u00a0 \u00a0 \u00a0 \u00a0 \u00a0 \u00a0 \u00a0 \u00a0 \u00a0 \u00a0 \u00a0 \u00a0 VI F\u00f3rum Regional de Forma\u00e7\u00e3o de Professoras\/es que ensinam Matem\u00e1tica.<\/strong><\/p>\n<p style=\"text-align: center;\"><strong>Tema: <\/strong><em>Matem\u00e1tica para Todos: Multiplicando A\u00e7\u00f5es pela Inclus\u00e3o, Equidade e Justi\u00e7a Social<\/em><\/p>\n<p style=\"text-align: center;\">Data: 18 a 22 de maio de 2026<br \/>\nModalidade: H\u00edbrida<\/p>\n<p>Nesta XI edi\u00e7\u00e3o do Semat, que apresenta como tem\u00e1tica central <strong>\u201cMatem\u00e1tica para Todos: Multiplicando A\u00e7\u00f5es pela Inclus\u00e3o, Equidade e Justi\u00e7a Social\u201d<\/strong>, ser\u00e1 realizado tamb\u00e9m o VI F\u00f3rum Regional de Forma\u00e7\u00e3o de Professoras\/es que Ensinam Matem\u00e1tica. Essa integra\u00e7\u00e3o fortalece o compromisso do evento com a constru\u00e7\u00e3o de espa\u00e7os de di\u00e1logo, reflex\u00e3o e produ\u00e7\u00e3o de conhecimento voltados \u00e0 forma\u00e7\u00e3o docente e ao enfrentamento das desigualdades educacionais. Essa tem\u00e1tica \u00e9 fundamental pois proporciona um processo de ensino e de aprendizagem da matem\u00e1tica para todos, independentemente de suas condi\u00e7\u00f5es sociais, culturais ou cognitivas por meio de estrat\u00e9gias diferenciadas e metodologias que respeitem a diversidade. Para tal, o evento se organizar\u00e1 a partir de grupos de trabalho, a saber:<\/p>\n<p>GT1: Desafios e perspectivas na forma\u00e7\u00e3o do professor ;<\/p>\n<p>GT2: Pr\u00e1ticas Pedag\u00f3gicas e quest\u00f5es curriculares;<\/p>\n<p>GT3:\u00a0 Educa\u00e7\u00e3o Especial na perspectiva da Educa\u00e7\u00e3o Inclusiva;<\/p>\n<p>GT4: Psicologia, Filosofia e Hist\u00f3ria da Matem\u00e1tica<\/p>\n<p>GT5: Pol\u00edticas P\u00fablicas e Forma\u00e7\u00e3o Humana.<\/p>\n<p>Contato: semat.ci@ifes.edu.br<\/p>\n<p>Acesso ao grupo do WhasApp (Inscritos no evento): <a href=\"https:\/\/chat.whatsapp.com\/G9IToSIaJNfFnrzJJyuysT\">https:\/\/chat.whatsapp.com\/BQ6PeQ56ySg5mzTYqNui4U<\/a><\/p>\n<p><a href=\"https:\/\/semat.cachoeiro.ifes.edu.br\/wp-content\/uploads\/2026\/03\/Template_xi_semat.docx\">Template Resumo Expandido XI Semat<\/a><\/p>\n<p><a href=\"https:\/\/forms.gle\/x9Rc48KQHosf8ZXK6\">Link de Submiss\u00e3o dos Trabalhos <\/a><\/p>\n<p><a href=\"https:\/\/semat.cachoeiro.ifes.edu.br\/wp-content\/uploads\/2026\/04\/Listagem-de-hoteis-proximos-ao-campus.pdf\">Listagem de hot\u00e9is pr\u00f3ximos ao campus<\/a><\/p>\n<p><a href=\"https:\/\/semat.cachoeiro.ifes.edu.br\/wp-content\/uploads\/2026\/03\/realizacao_e_apoio-e1772738107243.png\"><img decoding=\"async\" loading=\"lazy\" class=\"alignnone size-full wp-image-802\" src=\"https:\/\/semat.cachoeiro.ifes.edu.br\/wp-content\/uploads\/2026\/03\/realizacao_e_apoio-e1772738107243.png\" alt=\"\" width=\"2560\" height=\"318\" srcset=\"https:\/\/semat.cachoeiro.ifes.edu.br\/wp-content\/uploads\/2026\/03\/realizacao_e_apoio-e1772738107243.png 2560w, https:\/\/semat.cachoeiro.ifes.edu.br\/wp-content\/uploads\/2026\/03\/realizacao_e_apoio-e1772738107243-300x37.png 300w, https:\/\/semat.cachoeiro.ifes.edu.br\/wp-content\/uploads\/2026\/03\/realizacao_e_apoio-e1772738107243-1024x127.png 1024w, https:\/\/semat.cachoeiro.ifes.edu.br\/wp-content\/uploads\/2026\/03\/realizacao_e_apoio-e1772738107243-768x95.png 768w, https:\/\/semat.cachoeiro.ifes.edu.br\/wp-content\/uploads\/2026\/03\/realizacao_e_apoio-e1772738107243-1536x191.png 1536w, https:\/\/semat.cachoeiro.ifes.edu.br\/wp-content\/uploads\/2026\/03\/realizacao_e_apoio-e1772738107243-2048x254.png 2048w, https:\/\/semat.cachoeiro.ifes.edu.br\/wp-content\/uploads\/2026\/03\/realizacao_e_apoio-e1772738107243-1170x145.png 1170w\" sizes=\"(max-width: 2560px) 100vw, 2560px\" \/><\/a><\/p>\n<p>&nbsp;<\/p>\n<p>&nbsp;<\/p>\n<p>&nbsp;<\/p>\n<p>&nbsp;<\/p>\n<p>&nbsp;<\/p>\n","protected":false},"excerpt":{"rendered":"<p>XI SEMAT \u2013 Semin\u00e1rio Nacional da Licenciatura em Matem\u00e1tica \u2013 Ifes Campus Cachoeiro de Itapemirim \u00a0 \u00a0 \u00a0 \u00a0 \u00a0 \u00a0 \u00a0 \u00a0 \u00a0 \u00a0 \u00a0 \u00a0 \u00a0 \u00a0 \u00a0 \u00a0 \u00a0 \u00a0 \u00a0 \u00a0 \u00a0 \u00a0 \u00a0 VI F\u00f3rum&#8230;<br \/><a class=\"read-more-button\" href=\"https:\/\/semat.cachoeiro.ifes.edu.br\/\">Read more<\/a><\/p>\n","protected":false},"author":1,"featured_media":0,"parent":0,"menu_order":0,"comment_status":"closed","ping_status":"open","template":"","meta":[],"_links":{"self":[{"href":"https:\/\/semat.cachoeiro.ifes.edu.br\/index.php\/wp-json\/wp\/v2\/pages\/85"}],"collection":[{"href":"https:\/\/semat.cachoeiro.ifes.edu.br\/index.php\/wp-json\/wp\/v2\/pages"}],"about":[{"href":"https:\/\/semat.cachoeiro.ifes.edu.br\/index.php\/wp-json\/wp\/v2\/types\/page"}],"author":[{"embeddable":true,"href":"https:\/\/semat.cachoeiro.ifes.edu.br\/index.php\/wp-json\/wp\/v2\/users\/1"}],"replies":[{"embeddable":true,"href":"https:\/\/semat.cachoeiro.ifes.edu.br\/index.php\/wp-json\/wp\/v2\/comments?post=85"}],"version-history":[{"count":76,"href":"https:\/\/semat.cachoeiro.ifes.edu.br\/index.php\/wp-json\/wp\/v2\/pages\/85\/revisions"}],"predecessor-version":[{"id":818,"href":"https:\/\/semat.cachoeiro.ifes.edu.br\/index.php\/wp-json\/wp\/v2\/pages\/85\/revisions\/818"}],"wp:attachment":[{"href":"https:\/\/semat.cachoeiro.ifes.edu.br\/index.php\/wp-json\/wp\/v2\/media?parent=85"}],"curies":[{"name":"wp","href":"https:\/\/api.w.org\/{rel}","templated":true}]}}