{"id":6,"date":"2014-04-07T21:36:55","date_gmt":"2014-04-08T00:36:55","guid":{"rendered":"https:\/\/semat.ci.ifes.edu.br\/?page_id=6"},"modified":"2026-01-20T16:21:18","modified_gmt":"2026-01-20T19:21:18","slug":"objetivo","status":"publish","type":"page","link":"https:\/\/semat.cachoeiro.ifes.edu.br\/index.php\/objetivo\/","title":{"rendered":"Objetivo"},"content":{"rendered":"<p>Promover um espa\u00e7o formativo e de di\u00e1logo entre estudantes, professores e pesquisadores, visando \u00e0 constru\u00e7\u00e3o de saberes necess\u00e1rios ao ensino da Matem\u00e1tica, com \u00eanfase na inclus\u00e3o, equidade e justi\u00e7a social, fortalecendo a forma\u00e7\u00e3o inicial e continuada de docentes para enfrentar os desafios contempor\u00e2neos da educa\u00e7\u00e3o e garantir uma pr\u00e1tica pedag\u00f3gica cr\u00edtica, reflexiva e socialmente justa.<\/p>\n","protected":false},"excerpt":{"rendered":"<p>Promover um espa\u00e7o formativo e de di\u00e1logo entre estudantes, professores e pesquisadores, visando \u00e0 constru\u00e7\u00e3o de saberes necess\u00e1rios ao ensino da Matem\u00e1tica, com \u00eanfase na inclus\u00e3o, equidade e justi\u00e7a social, fortalecendo a forma\u00e7\u00e3o inicial e continuada de docentes para enfrentar&#8230;<br \/><a class=\"read-more-button\" href=\"https:\/\/semat.cachoeiro.ifes.edu.br\/index.php\/objetivo\/\">Read more<\/a><\/p>\n","protected":false},"author":1,"featured_media":0,"parent":0,"menu_order":0,"comment_status":"closed","ping_status":"open","template":"","meta":[],"_links":{"self":[{"href":"https:\/\/semat.cachoeiro.ifes.edu.br\/index.php\/wp-json\/wp\/v2\/pages\/6"}],"collection":[{"href":"https:\/\/semat.cachoeiro.ifes.edu.br\/index.php\/wp-json\/wp\/v2\/pages"}],"about":[{"href":"https:\/\/semat.cachoeiro.ifes.edu.br\/index.php\/wp-json\/wp\/v2\/types\/page"}],"author":[{"embeddable":true,"href":"https:\/\/semat.cachoeiro.ifes.edu.br\/index.php\/wp-json\/wp\/v2\/users\/1"}],"replies":[{"embeddable":true,"href":"https:\/\/semat.cachoeiro.ifes.edu.br\/index.php\/wp-json\/wp\/v2\/comments?post=6"}],"version-history":[{"count":6,"href":"https:\/\/semat.cachoeiro.ifes.edu.br\/index.php\/wp-json\/wp\/v2\/pages\/6\/revisions"}],"predecessor-version":[{"id":774,"href":"https:\/\/semat.cachoeiro.ifes.edu.br\/index.php\/wp-json\/wp\/v2\/pages\/6\/revisions\/774"}],"wp:attachment":[{"href":"https:\/\/semat.cachoeiro.ifes.edu.br\/index.php\/wp-json\/wp\/v2\/media?parent=6"}],"curies":[{"name":"wp","href":"https:\/\/api.w.org\/{rel}","templated":true}]}}

<p>Promover um espaço formativo e de diálogo entre estudantes, professores e pesquisadores, visando à construção de saberes necessários ao ensino da Matemática, com ênfase na inclusão, equidade e justiça social, fortalecendo a formação inicial e continuada de docentes para enfrentar os desafios contemporâneos da educação e garantir uma prática pedagógica crítica, reflexiva e socialmente justa.</p>

<p>Promover um espaço formativo e de diálogo entre estudantes, professores e pesquisadores, visando à construção de saberes necessários ao ensino da Matemática, com ênfase na inclusão, equidade e justiça social, fortalecendo a formação inicial e continuada de docentes para enfrentar&#8230;<br /><a class="read-more-button" href="https://semat.cachoeiro.ifes.edu.br/index.php/objetivo/">Read more</a></p>
