{"id":305,"date":"2026-04-02T13:35:40","date_gmt":"2026-04-02T16:35:40","guid":{"rendered":"https:\/\/semat.ci.ifes.edu.br\/?page_id=305"},"modified":"2026-04-02T13:39:38","modified_gmt":"2026-04-02T16:39:38","slug":"normas-para-a-apresentacao","status":"publish","type":"page","link":"https:\/\/semat.cachoeiro.ifes.edu.br\/index.php\/normas-para-a-apresentacao\/","title":{"rendered":"Normas para a Apresenta\u00e7\u00e3o"},"content":{"rendered":"<p>Os trabalhos aprovados ser\u00e3o apresentados em formato de Comunica\u00e7\u00e3o Oral, conforme template disponibilizados pelo evento.<\/p>\n<p>A Comunica\u00e7\u00e3o Oral ser\u00e1 apresentada em\u00a0formato Power Point, respeitando, tamb\u00e9m, o arquivo disponibilizado pelo evento. Na p\u00e1gina principal, dever\u00e1 conter: t\u00edtulo do trabalho, nome (s) e e-mail do (s) autor (es), seguidos da (s) Institui\u00e7\u00e3o (\u00f5es). A estrutura\u00e7\u00e3o respeitar\u00e1 as seguintes se\u00e7\u00f5es: <strong>Introdu\u00e7\u00e3o, Objetivos, Referencial Te\u00f3rico, Metodologia, Resultados e Considera\u00e7\u00f5es Finais<\/strong>. O (s) autor (es) poder\u00e1 (\u00e3o) modific\u00e1-la (s), desde que n\u00e3o comprometam o entendimento do trabalho no momento da apresenta\u00e7\u00e3o. A Comunica\u00e7\u00e3o Oral ser\u00e1 apresenta por, pelo menos, um dos autores, n\u00e3o ultrapassando <strong>15 minutos<\/strong>.<\/p>\n<p>Salientamos que ser\u00e1 emitido apenas\u00a0um certificado\u00a0por trabalho apresentado, no qual constar\u00e1 o nome do autor e dos coautores.<\/p>\n<p><a href=\"https:\/\/docs.google.com\/document\/d\/1RwQ0ZZ_2Z2OM8uznK0dbVYPoLjCMfPpT\/edit?usp=drive_link&amp;ouid=102731126091948821878&amp;rtpof=true&amp;sd=true\">Template Resumo Expandido &#8211; Comunica\u00e7\u00e3o Oral<\/a><\/p>\n<p>&nbsp;<\/p>\n<p>&nbsp;<\/p>\n","protected":false},"excerpt":{"rendered":"<p>Os trabalhos aprovados ser\u00e3o apresentados em formato de Comunica\u00e7\u00e3o Oral, conforme template disponibilizados pelo evento. A Comunica\u00e7\u00e3o Oral ser\u00e1 apresentada em\u00a0formato Power Point, respeitando, tamb\u00e9m, o arquivo disponibilizado pelo evento. Na p\u00e1gina principal, dever\u00e1 conter: t\u00edtulo do trabalho, nome (s)&#8230;<br \/><a class=\"read-more-button\" href=\"https:\/\/semat.cachoeiro.ifes.edu.br\/index.php\/normas-para-a-apresentacao\/\">Read more<\/a><\/p>\n","protected":false},"author":1,"featured_media":0,"parent":0,"menu_order":0,"comment_status":"closed","ping_status":"closed","template":"","meta":[],"_links":{"self":[{"href":"https:\/\/semat.cachoeiro.ifes.edu.br\/index.php\/wp-json\/wp\/v2\/pages\/305"}],"collection":[{"href":"https:\/\/semat.cachoeiro.ifes.edu.br\/index.php\/wp-json\/wp\/v2\/pages"}],"about":[{"href":"https:\/\/semat.cachoeiro.ifes.edu.br\/index.php\/wp-json\/wp\/v2\/types\/page"}],"author":[{"embeddable":true,"href":"https:\/\/semat.cachoeiro.ifes.edu.br\/index.php\/wp-json\/wp\/v2\/users\/1"}],"replies":[{"embeddable":true,"href":"https:\/\/semat.cachoeiro.ifes.edu.br\/index.php\/wp-json\/wp\/v2\/comments?post=305"}],"version-history":[{"count":16,"href":"https:\/\/semat.cachoeiro.ifes.edu.br\/index.php\/wp-json\/wp\/v2\/pages\/305\/revisions"}],"predecessor-version":[{"id":815,"href":"https:\/\/semat.cachoeiro.ifes.edu.br\/index.php\/wp-json\/wp\/v2\/pages\/305\/revisions\/815"}],"wp:attachment":[{"href":"https:\/\/semat.cachoeiro.ifes.edu.br\/index.php\/wp-json\/wp\/v2\/media?parent=305"}],"curies":[{"name":"wp","href":"https:\/\/api.w.org\/{rel}","templated":true}]}}

Normas para a Apresentação

<p>Os trabalhos aprovados serão apresentados em formato de Comunicação Oral, conforme template disponibilizados pelo evento.</p>
<p>A Comunicação Oral será apresentada em formato Power Point, respeitando, também, o arquivo disponibilizado pelo evento. Na página principal, deverá conter: título do trabalho, nome (s) e e-mail do (s) autor (es), seguidos da (s) Instituição (ões). A estruturação respeitará as seguintes seções: <strong>Introdução, Objetivos, Referencial Teórico, Metodologia, Resultados e Considerações Finais</strong>. O (s) autor (es) poderá (ão) modificá-la (s), desde que não comprometam o entendimento do trabalho no momento da apresentação. A Comunicação Oral será apresenta por, pelo menos, um dos autores, não ultrapassando <strong>15 minutos</strong>.</p>
<p>Salientamos que será emitido apenas um certificado por trabalho apresentado, no qual constará o nome do autor e dos coautores.</p>
<p><a href="https://docs.google.com/document/d/1RwQ0ZZ_2Z2OM8uznK0dbVYPoLjCMfPpT/edit?usp=drive_link&amp;ouid=102731126091948821878&amp;rtpof=true&amp;sd=true">Template Resumo Expandido &#8211; Comunicação Oral</a></p>
<p>&nbsp;</p>
<p>&nbsp;</p>

<p>Os trabalhos aprovados serão apresentados em formato de Comunicação Oral, conforme template disponibilizados pelo evento. A Comunicação Oral será apresentada em formato Power Point, respeitando, também, o arquivo disponibilizado pelo evento. Na página principal, deverá conter: título do trabalho, nome (s)&#8230;<br /><a class="read-more-button" href="https://semat.cachoeiro.ifes.edu.br/index.php/normas-para-a-apresentacao/">Read more</a></p>
