{"id":301,"date":"2026-04-02T13:29:25","date_gmt":"2026-04-02T16:29:25","guid":{"rendered":"https:\/\/semat.ci.ifes.edu.br\/?page_id=301"},"modified":"2026-04-02T13:31:46","modified_gmt":"2026-04-02T16:31:46","slug":"normas-para-submissao-e-aprovacao","status":"publish","type":"page","link":"https:\/\/semat.cachoeiro.ifes.edu.br\/index.php\/normas-para-submissao-e-aprovacao\/","title":{"rendered":"Normas para submiss\u00e3o e aprova\u00e7\u00e3o"},"content":{"rendered":"<p>Normas para submiss\u00e3o e aprova\u00e7\u00e3o<\/p>\n<p>Ser\u00e3o aceitos trabalhos na \u00e1rea de Educa\u00e7\u00e3o, Educa\u00e7\u00e3o Matem\u00e1tica, Ensino de Matem\u00e1tica e Matem\u00e1tica, desde que atendam aos objetivos propostos em cada Grupo de Trabalho (GT), conforme descri\u00e7\u00e3o abaixo:<\/p>\n<p>No envio, dever\u00e1 identificar, o Grupo de Trabalho da seguinte maneira: \u201cSubmiss\u00e3o de Trabalho no GT1\/GT2\/GT3\/GT4\/GT5\u201d. A aceita\u00e7\u00e3o dos trabalhos para aprecia\u00e7\u00e3o pelo Comit\u00ea Cient\u00edfico estar\u00e1 condicionada \u00e0s regras de reda\u00e7\u00e3o\/apresenta\u00e7\u00e3o do trabalho, dentro das normas e procedimentos estabelecidos para este evento.<\/p>\n<p>O Comit\u00ea Cient\u00edfico reserva-se no direito de rejeitar os trabalhos que apresentem reda\u00e7\u00e3o descuidada ou inintelig\u00edvel e que n\u00e3o obede\u00e7am estritamente \u00e0s instru\u00e7\u00f5es para formata\u00e7\u00e3o. O resultado final da an\u00e1lise dos trabalhos pelo Comit\u00ea Cient\u00edfico ser\u00e1 expresso em <strong>APROVADO<\/strong>,<strong> APROVADO COM RESTRI\u00c7\u00d5ES<\/strong> OU <strong>REPROVADO<\/strong>. Os trabalhos aprovados ser\u00e3o disponibilizados na aba \u201c<strong>Trabalhos Aprovados<\/strong>\u201d.<\/p>\n<p>Ser\u00e3o automaticamente eliminados os trabalhos que n\u00e3o atenderem \u00e0s normas de formata\u00e7\u00e3o definidas para este evento, e que n\u00e3o se adequam \u00e0 tem\u00e1tica do GT pretendido. A submiss\u00e3o do trabalho \u00e0 avalia\u00e7\u00e3o pelo Comit\u00ea Cient\u00edfico deixa subentendido que se trata de trabalho original.<\/p>\n<p>Ap\u00f3s o resultado final dos trabalhos, o autor principal receber\u00e1, pelo mesmo e-mail utilizado para envio, o seu trabalho com as considera\u00e7\u00f5es dos avaliadores. Ap\u00f3s, dever\u00e1, dentro do prazo, realizar as modifica\u00e7\u00f5es sugeridas e reencaminhar o trabalho na\u00a0<strong>vers\u00e3o identificada\u00a0para o mesmo e-mail do GT<\/strong>.\u00a0Em caso de descumprimento, o trabalho ser\u00e1 considerado <strong>DESCLASSIFICADO<\/strong> para apresenta\u00e7\u00e3o e posterior publica\u00e7\u00e3o nos Anais.<\/p>\n<p><strong><em>Depois de submetidos e reencaminhados na vers\u00e3o identificada, os trabalhos n\u00e3o s\u00e3o pass\u00edveis de substitui\u00e7\u00e3o e\/ou modifica\u00e7\u00f5es posteriores. A revis\u00e3o do (s) trabalho (s) \u00e9 de responsabilidade do (s) autor (es).<\/em><\/strong><\/p>\n<p>&nbsp;<\/p>\n<p><a href=\"https:\/\/docs.google.com\/document\/d\/1RwQ0ZZ_2Z2OM8uznK0dbVYPoLjCMfPpT\/edit?usp=drive_link&amp;ouid=102731126091948821878&amp;rtpof=true&amp;sd=true\">Template Resumo Expandido &#8211; Comunica\u00e7\u00e3o Oral<\/a><\/p>\n<p><a href=\"https:\/\/forms.gle\/WPao94BqYHkxf4Ys7\">Link de Submiss\u00e3o dos Trabalhos<\/a><\/p>\n","protected":false},"excerpt":{"rendered":"<p>Normas para submiss\u00e3o e aprova\u00e7\u00e3o Ser\u00e3o aceitos trabalhos na \u00e1rea de Educa\u00e7\u00e3o, Educa\u00e7\u00e3o Matem\u00e1tica, Ensino de Matem\u00e1tica e Matem\u00e1tica, desde que atendam aos objetivos propostos em cada Grupo de Trabalho (GT), conforme descri\u00e7\u00e3o abaixo: No envio, dever\u00e1 identificar, o Grupo&#8230;<br \/><a class=\"read-more-button\" href=\"https:\/\/semat.cachoeiro.ifes.edu.br\/index.php\/normas-para-submissao-e-aprovacao\/\">Read more<\/a><\/p>\n","protected":false},"author":1,"featured_media":0,"parent":0,"menu_order":0,"comment_status":"closed","ping_status":"closed","template":"","meta":[],"_links":{"self":[{"href":"https:\/\/semat.cachoeiro.ifes.edu.br\/index.php\/wp-json\/wp\/v2\/pages\/301"}],"collection":[{"href":"https:\/\/semat.cachoeiro.ifes.edu.br\/index.php\/wp-json\/wp\/v2\/pages"}],"about":[{"href":"https:\/\/semat.cachoeiro.ifes.edu.br\/index.php\/wp-json\/wp\/v2\/types\/page"}],"author":[{"embeddable":true,"href":"https:\/\/semat.cachoeiro.ifes.edu.br\/index.php\/wp-json\/wp\/v2\/users\/1"}],"replies":[{"embeddable":true,"href":"https:\/\/semat.cachoeiro.ifes.edu.br\/index.php\/wp-json\/wp\/v2\/comments?post=301"}],"version-history":[{"count":33,"href":"https:\/\/semat.cachoeiro.ifes.edu.br\/index.php\/wp-json\/wp\/v2\/pages\/301\/revisions"}],"predecessor-version":[{"id":814,"href":"https:\/\/semat.cachoeiro.ifes.edu.br\/index.php\/wp-json\/wp\/v2\/pages\/301\/revisions\/814"}],"wp:attachment":[{"href":"https:\/\/semat.cachoeiro.ifes.edu.br\/index.php\/wp-json\/wp\/v2\/media?parent=301"}],"curies":[{"name":"wp","href":"https:\/\/api.w.org\/{rel}","templated":true}]}}