{"id":15,"date":"2014-04-07T21:40:09","date_gmt":"2014-04-08T00:40:09","guid":{"rendered":"https:\/\/semat.ci.ifes.edu.br\/?page_id=15"},"modified":"2026-01-20T15:53:56","modified_gmt":"2026-01-20T18:53:56","slug":"comissoes","status":"publish","type":"page","link":"https:\/\/semat.cachoeiro.ifes.edu.br\/index.php\/comissoes\/","title":{"rendered":"Corpo Editorial"},"content":{"rendered":"<p><strong>COMISS\u00c3O ORGANIZADORA<\/strong><\/p>\n<p>Anny Resende Negreiros, Ifes-campus Cachoeiro de Itapemirim<\/p>\n<p>Aparecida Ferreira Lopes, Secretaria Municipal de Educa\u00e7\u00e3o de Vila Velha e Vit\u00f3ria<\/p>\n<p>Beatriz Rodrigues Plotegher, Ifes- campus Cachoeiro de Itapemirim<\/p>\n<p>Edson Maciel Peixoto, Ifes- campus Cachoeiro de Itapemirim<\/p>\n<p>Elizangela Tonelli, Ifes &#8211; campus Cachoeiro de Itapemirim<\/p>\n<p>Ellen Kenia Fraga Coelho, Ifes campus Vit\u00f3ria<\/p>\n<p>Fl\u00e1vio Palhano Fernandes, Ifes campus Cachoeiro de Itapemirim<\/p>\n<p>Filipe Ribeiro Carneiro, Ifes campus Santa Teresa<\/p>\n<p>F\u00falvia Ventura Leandro Amorim, Ifes campus Cachoeiro de Itapemirim<\/p>\n<p>Geovane Carlos Barbosa, Ifes &#8211; campus Cachoeiro de Itapemirim;<\/p>\n<p>Guilherme Messias Pereira Lima, Ifes &#8211; campus Cachoeiro de Itapemirim<\/p>\n<p>Jorge Henrique Gualandi, Ifes &#8211; campus Cachoeiro de Itapemirim<\/p>\n<p>Maur\u00edcio de Oliveira Celeri, SEDU\/EEEFM Lions Sebasti\u00e3o de Paiva Vidaurre<\/p>\n<p>Marcela Aguiar Barbosa, Ifes campus Cachoeiro de Itapemirim<\/p>\n<p>Maria Laucin\u00e9ia Carari, Ifes &#8211; campus Cachoeiro de Itapemirim<\/p>\n<p>Ronei Sandro Vieira, Ifes &#8211; campus Cachoeiro de Itapemirim<\/p>\n<p>Solange Taranto de Reis, Professora da Educa\u00e7\u00e3o B\u00e1sica<\/p>\n<p>Thiarla Xavier Dal-Cin Zanon, Ifes- campus Cachoeiro de Itapemirim<\/p>\n<p><strong>DISCENTES<\/strong><\/p>\n<p>Amanda Caetano Ventura Bourguignon, Ifes- campus Cachoeiro de Itapemirim<\/p>\n<p>Anderson Lisboa da Concei\u00e7\u00e3o, Ifes- campus Cachoeiro de Itapemirim<\/p>\n<p>Bianca Vit\u00f3ria Garcia Dias, Ifes- campus Cachoeiro de Itapemirim<\/p>\n<p>Bianca de Oliveira Mengali, Ifes- campus Cachoeiro de Itapemirim<\/p>\n<p>Jamille Viana das Neves, Ifes- campus Cachoeiro de Itapemirim<\/p>\n<p>Jo\u00e3o Vitor Nieiro, Ifes- campus Cachoeiro de Itapemirim<\/p>\n<p>Kassiany Lima de Oliveira Cavalini, Ifes- campus Cachoeiro de Itapemirim<\/p>\n<p>Nicolas de Campos Ferreira, Ifes- campus Cachoeiro de Itapemirim<\/p>\n<p>Paula Fernanda Lascosck Fernandes, Ifes- campus Cachoeiro de Itapemirim<\/p>\n<p>Rebeca Souza Silva, Ifes- campus Cachoeiro de Itapemirim<\/p>\n<p>Samylla Marvila Ferreira, Ifes- campus Cachoeiro de Itapemirim<\/p>\n<p>S\u00e1vio de Souza Calva\u00e7an Silva, Ifes- campus Cachoeiro de Itapemirim<\/p>\n<p>Vit\u00f3ria Ribeiro Menon, Ifes- campus Cachoeiro de Itapemirim<\/p>\n<p>Yasmin Mendon\u00e7a da Silva, Ifes- campus Cachoeiro de Itapemirim<\/p>\n<p>Yasmim Ferreira Campos Viana, Ifes- campus Cachoeiro de Itapemirim<\/p>\n<p><strong>T\u00c9CNICOS ADMINISTRATIVOS<\/strong><\/p>\n<p>Andr\u00e9 Nunes Dezan, Ifes- campus Cachoeiro de Itapemirim<\/p>\n<p>Patr\u00edcia Vieira No\u00e9, Ifes- campus Cachoeiro de Itapemirim<\/p>\n<p><strong>COMISS\u00c3O CIENT\u00cdFICA<\/strong><\/p>\n<p>Adriano de Souza Viana &#8211; Secretaria Municipal de Educa\u00e7\u00e3o de Cariacica<\/p>\n<p>Andr\u00e9ia Fidelis \u2013 IFSP<\/p>\n<p>Anny Resende Negreiros, Ifes campus Cachoeiro de Itapemirim<\/p>\n<p>A\u00e9cio Alves Andrade, IFTO<\/p>\n<p>Alana Nunes Pereira \u2013 Ufes, campus Alegre<\/p>\n<p>Aline Nicolau da Silva Arantes \u2013 UNICSUL\/SP<\/p>\n<p>Beatriz Rodrigues Plotegher, Ifes- campus Cachoeiro de Itapemirim<\/p>\n<p>Bianca de Freitas Rom\u00e3o &#8211; SEDU<\/p>\n<p>C\u00e1ssio Cristiano Giordano, FURG<\/p>\n<p>Claudia V\u00e1squez Ortiz &#8211; Acad\u00e9mica de la Pontificia Universidad Cat\u00f3lica de Chile<\/p>\n<p>Celi Espasandin Lopes, UFMG<\/p>\n<p>Cirl\u00e9ia Pereira Barbosa, IFMG Campus Formiga<\/p>\n<p>Cristiane de Arimat\u00e9a Rocha, UFPE<\/p>\n<p>Cristiane Botelho Valadares &#8211; UFV<\/p>\n<p>Douglas da Silva Tinti &#8211; UFOP<\/p>\n<p>Edson Maciel Peixoto, Ifes campus Cachoeiro de Itapemirim<\/p>\n<p>Edda Curi, UNICSUL\/SP<\/p>\n<p>Edmar Reis Thiengo \u2013 Ifes, campus Vit\u00f3ria<\/p>\n<p>Elizangela Tonelli, Ifes campus Cachoeiro de Itapemirim<\/p>\n<p>Ellen Kenia Fraga Coelho, Ifes campus Vit\u00f3ria<\/p>\n<p>F\u00falvia Ventura Leandro Amorim, Ifes campus Cachoeiro de Itapemirim<\/p>\n<p>Geovane Carlos Barbosa, Ifes campus Cachoeiro de Itapemirim<\/p>\n<p>Guilherme Messias Pereira Lima, Ifes &#8211; campus Cachoeiro de Itapemirim<\/p>\n<p>Jorge Henrique Gualandi, Ifes campus Cachoeiro de Itapemirim<\/p>\n<p>Jos\u00e9 Fernandes da Silva, IFMG campus S\u00e3o Jo\u00e3o Evangelista<\/p>\n<p>Jos\u00e9 Ronaldo Alves Ara\u00fajo &#8211; UFOP<\/p>\n<p>Let\u00edcia Oliveira Calazans do Nascimento \u2013 UNCSUL\/SP<\/p>\n<p>Leandro de Oliveira Souza \u2013 UFU<\/p>\n<p>Luciana Figueiredo Lacanallo Arrais, UEM<\/p>\n<p>Maria Alice Veiga Ferreira de Souza \u2013 Ifes, campus Vit\u00f3ria<\/p>\n<p>Marina dos Santos Cezar, Ifes, campus Vit\u00f3ria<\/p>\n<p>Marcela Aguiar Barbosa, Ifes campus Cachoeiro de Itapemirim<\/p>\n<p>Marcos Ant\u00f4nio Gon\u00e7alves J\u00fanior, UFG<\/p>\n<p>Maria Laucin\u00e9ia Carari, Ifes campus Cachoeiro de Itapemirim<\/p>\n<p>Mariana dos Santos Cezar, Ifes campus Vit\u00f3ria<\/p>\n<p>Mirelly Katiene e Silva &#8211; Secretaria Municipal de Educa\u00e7\u00e3o de Colatina<\/p>\n<p>Organdi Mongin Rovetta- SEDU\/ES<\/p>\n<p>Priscila Bernardo Martins, UNICSUL\/SP<\/p>\n<p>Raquel Sofia Antunes Vieira &#8211; Polit\u00e9cnico de Leiria (ESECS)<\/p>\n<p>Regina C\u00e9lia Grando \u2013 UFSC<\/p>\n<p>Ronei Sandro Vieira, Ifes campus Cachoeiro de Itapemirim;<\/p>\n<p>Rosimere Brambati Marques Ferreira &#8211; Secretaria Municipal de Educa\u00e7\u00e3o de Vila Velha<\/p>\n<p>Sidney Silva Santos, UNICSUL\/SP<\/p>\n<p>Simone Damm Zogaib, UFS<\/p>\n<p>Thiarla Xavier Dal-Cin Zanon, Ifes campus Cachoeiro de Itapemirim<\/p>\n<p>&nbsp;<\/p>\n<p>&nbsp;<\/p>\n<p>&nbsp;<\/p>\n<p>&nbsp;<\/p>\n<p style=\"margin: 0cm; background: white; vertical-align: baseline;\">\n","protected":false},"excerpt":{"rendered":"<p>COMISS\u00c3O ORGANIZADORA Anny Resende Negreiros, Ifes-campus Cachoeiro de Itapemirim Aparecida Ferreira Lopes, Secretaria Municipal de Educa\u00e7\u00e3o de Vila Velha e Vit\u00f3ria Beatriz Rodrigues Plotegher, Ifes- campus Cachoeiro de Itapemirim Edson Maciel Peixoto, Ifes- campus Cachoeiro de Itapemirim Elizangela Tonelli, Ifes&#8230;<br \/><a class=\"read-more-button\" href=\"https:\/\/semat.cachoeiro.ifes.edu.br\/index.php\/comissoes\/\">Read more<\/a><\/p>\n","protected":false},"author":1,"featured_media":0,"parent":0,"menu_order":0,"comment_status":"closed","ping_status":"open","template":"","meta":[],"_links":{"self":[{"href":"https:\/\/semat.cachoeiro.ifes.edu.br\/index.php\/wp-json\/wp\/v2\/pages\/15"}],"collection":[{"href":"https:\/\/semat.cachoeiro.ifes.edu.br\/index.php\/wp-json\/wp\/v2\/pages"}],"about":[{"href":"https:\/\/semat.cachoeiro.ifes.edu.br\/index.php\/wp-json\/wp\/v2\/types\/page"}],"author":[{"embeddable":true,"href":"https:\/\/semat.cachoeiro.ifes.edu.br\/index.php\/wp-json\/wp\/v2\/users\/1"}],"replies":[{"embeddable":true,"href":"https:\/\/semat.cachoeiro.ifes.edu.br\/index.php\/wp-json\/wp\/v2\/comments?post=15"}],"version-history":[{"count":66,"href":"https:\/\/semat.cachoeiro.ifes.edu.br\/index.php\/wp-json\/wp\/v2\/pages\/15\/revisions"}],"predecessor-version":[{"id":770,"href":"https:\/\/semat.cachoeiro.ifes.edu.br\/index.php\/wp-json\/wp\/v2\/pages\/15\/revisions\/770"}],"wp:attachment":[{"href":"https:\/\/semat.cachoeiro.ifes.edu.br\/index.php\/wp-json\/wp\/v2\/media?parent=15"}],"curies":[{"name":"wp","href":"https:\/\/api.w.org\/{rel}","templated":true}]}}

<p><strong>COMISSÃO ORGANIZADORA</strong></p>
<p>Anny Resende Negreiros, Ifes-campus Cachoeiro de Itapemirim</p>
<p>Aparecida Ferreira Lopes, Secretaria Municipal de Educação de Vila Velha e Vitória</p>
<p>Beatriz Rodrigues Plotegher, Ifes- campus Cachoeiro de Itapemirim</p>
<p>Edson Maciel Peixoto, Ifes- campus Cachoeiro de Itapemirim</p>
<p>Elizangela Tonelli, Ifes &#8211; campus Cachoeiro de Itapemirim</p>
<p>Ellen Kenia Fraga Coelho, Ifes campus Vitória</p>
<p>Flávio Palhano Fernandes, Ifes campus Cachoeiro de Itapemirim</p>
<p>Filipe Ribeiro Carneiro, Ifes campus Santa Teresa</p>
<p>Fúlvia Ventura Leandro Amorim, Ifes campus Cachoeiro de Itapemirim</p>
<p>Geovane Carlos Barbosa, Ifes &#8211; campus Cachoeiro de Itapemirim;</p>
<p>Guilherme Messias Pereira Lima, Ifes &#8211; campus Cachoeiro de Itapemirim</p>
<p>Jorge Henrique Gualandi, Ifes &#8211; campus Cachoeiro de Itapemirim</p>
<p>Maurício de Oliveira Celeri, SEDU/EEEFM Lions Sebastião de Paiva Vidaurre</p>
<p>Marcela Aguiar Barbosa, Ifes campus Cachoeiro de Itapemirim</p>
<p>Maria Laucinéia Carari, Ifes &#8211; campus Cachoeiro de Itapemirim</p>
<p>Ronei Sandro Vieira, Ifes &#8211; campus Cachoeiro de Itapemirim</p>
<p>Solange Taranto de Reis, Professora da Educação Básica</p>
<p>Thiarla Xavier Dal-Cin Zanon, Ifes- campus Cachoeiro de Itapemirim</p>
<p><strong>DISCENTES</strong></p>
<p>Amanda Caetano Ventura Bourguignon, Ifes- campus Cachoeiro de Itapemirim</p>
<p>Anderson Lisboa da Conceição, Ifes- campus Cachoeiro de Itapemirim</p>
<p>Bianca Vitória Garcia Dias, Ifes- campus Cachoeiro de Itapemirim</p>
<p>Bianca de Oliveira Mengali, Ifes- campus Cachoeiro de Itapemirim</p>
<p>Jamille Viana das Neves, Ifes- campus Cachoeiro de Itapemirim</p>
<p>João Vitor Nieiro, Ifes- campus Cachoeiro de Itapemirim</p>
<p>Kassiany Lima de Oliveira Cavalini, Ifes- campus Cachoeiro de Itapemirim</p>
<p>Nicolas de Campos Ferreira, Ifes- campus Cachoeiro de Itapemirim</p>
<p>Paula Fernanda Lascosck Fernandes, Ifes- campus Cachoeiro de Itapemirim</p>
<p>Rebeca Souza Silva, Ifes- campus Cachoeiro de Itapemirim</p>
<p>Samylla Marvila Ferreira, Ifes- campus Cachoeiro de Itapemirim</p>
<p>Sávio de Souza Calvaçan Silva, Ifes- campus Cachoeiro de Itapemirim</p>
<p>Vitória Ribeiro Menon, Ifes- campus Cachoeiro de Itapemirim</p>
<p>Yasmin Mendonça da Silva, Ifes- campus Cachoeiro de Itapemirim</p>
<p>Yasmim Ferreira Campos Viana, Ifes- campus Cachoeiro de Itapemirim</p>
<p><strong>TÉCNICOS ADMINISTRATIVOS</strong></p>
<p>André Nunes Dezan, Ifes- campus Cachoeiro de Itapemirim</p>
<p>Patrícia Vieira Noé, Ifes- campus Cachoeiro de Itapemirim</p>
<p><strong>COMISSÃO CIENTÍFICA</strong></p>
<p>Adriano de Souza Viana &#8211; Secretaria Municipal de Educação de Cariacica</p>
<p>Andréia Fidelis – IFSP</p>
<p>Anny Resende Negreiros, Ifes campus Cachoeiro de Itapemirim</p>
<p>Aécio Alves Andrade, IFTO</p>
<p>Alana Nunes Pereira – Ufes, campus Alegre</p>
<p>Aline Nicolau da Silva Arantes – UNICSUL/SP</p>
<p>Beatriz Rodrigues Plotegher, Ifes- campus Cachoeiro de Itapemirim</p>
<p>Bianca de Freitas Romão &#8211; SEDU</p>
<p>Cássio Cristiano Giordano, FURG</p>
<p>Claudia Vásquez Ortiz &#8211; Académica de la Pontificia Universidad Católica de Chile</p>
<p>Celi Espasandin Lopes, UFMG</p>
<p>Cirléia Pereira Barbosa, IFMG Campus Formiga</p>
<p>Cristiane de Arimatéa Rocha, UFPE</p>
<p>Cristiane Botelho Valadares &#8211; UFV</p>
<p>Douglas da Silva Tinti &#8211; UFOP</p>
<p>Edson Maciel Peixoto, Ifes campus Cachoeiro de Itapemirim</p>
<p>Edda Curi, UNICSUL/SP</p>
<p>Edmar Reis Thiengo – Ifes, campus Vitória</p>
<p>Elizangela Tonelli, Ifes campus Cachoeiro de Itapemirim</p>
<p>Ellen Kenia Fraga Coelho, Ifes campus Vitória</p>
<p>Fúlvia Ventura Leandro Amorim, Ifes campus Cachoeiro de Itapemirim</p>
<p>Geovane Carlos Barbosa, Ifes campus Cachoeiro de Itapemirim</p>
<p>Guilherme Messias Pereira Lima, Ifes &#8211; campus Cachoeiro de Itapemirim</p>
<p>Jorge Henrique Gualandi, Ifes campus Cachoeiro de Itapemirim</p>
<p>José Fernandes da Silva, IFMG campus São João Evangelista</p>
<p>José Ronaldo Alves Araújo &#8211; UFOP</p>
<p>Letícia Oliveira Calazans do Nascimento – UNCSUL/SP</p>
<p>Leandro de Oliveira Souza – UFU</p>
<p>Luciana Figueiredo Lacanallo Arrais, UEM</p>
<p>Maria Alice Veiga Ferreira de Souza – Ifes, campus Vitória</p>
<p>Marina dos Santos Cezar, Ifes, campus Vitória</p>
<p>Marcela Aguiar Barbosa, Ifes campus Cachoeiro de Itapemirim</p>
<p>Marcos Antônio Gonçalves Júnior, UFG</p>
<p>Maria Laucinéia Carari, Ifes campus Cachoeiro de Itapemirim</p>
<p>Mariana dos Santos Cezar, Ifes campus Vitória</p>
<p>Mirelly Katiene e Silva &#8211; Secretaria Municipal de Educação de Colatina</p>
<p>Organdi Mongin Rovetta- SEDU/ES</p>
<p>Priscila Bernardo Martins, UNICSUL/SP</p>
<p>Raquel Sofia Antunes Vieira &#8211; Politécnico de Leiria (ESECS)</p>
<p>Regina Célia Grando – UFSC</p>
<p>Ronei Sandro Vieira, Ifes campus Cachoeiro de Itapemirim;</p>
<p>Rosimere Brambati Marques Ferreira &#8211; Secretaria Municipal de Educação de Vila Velha</p>
<p>Sidney Silva Santos, UNICSUL/SP</p>
<p>Simone Damm Zogaib, UFS</p>
<p>Thiarla Xavier Dal-Cin Zanon, Ifes campus Cachoeiro de Itapemirim</p>
<p>&nbsp;</p>
<p>&nbsp;</p>
<p>&nbsp;</p>
<p>&nbsp;</p>
<p style="margin: 0cm; background: white; vertical-align: baseline;">

<p>COMISSÃO ORGANIZADORA Anny Resende Negreiros, Ifes-campus Cachoeiro de Itapemirim Aparecida Ferreira Lopes, Secretaria Municipal de Educação de Vila Velha e Vitória Beatriz Rodrigues Plotegher, Ifes- campus Cachoeiro de Itapemirim Edson Maciel Peixoto, Ifes- campus Cachoeiro de Itapemirim Elizangela Tonelli, Ifes&#8230;<br /><a class="read-more-button" href="https://semat.cachoeiro.ifes.edu.br/index.php/comissoes/">Read more</a></p>
