{"id":13,"date":"2014-04-07T21:39:32","date_gmt":"2014-04-08T00:39:32","guid":{"rendered":"https:\/\/semat.ci.ifes.edu.br\/?page_id=13"},"modified":"2026-01-30T12:36:42","modified_gmt":"2026-01-30T15:36:42","slug":"submissao-de-trabalhos","status":"publish","type":"page","link":"https:\/\/semat.cachoeiro.ifes.edu.br\/index.php\/submissao-de-trabalhos\/","title":{"rendered":"Submiss\u00e3o de Trabalhos"},"content":{"rendered":"\r\n<div class=\"wp-block-columns is-layout-flex wp-container-3\">\r\n<div class=\"wp-block-column is-layout-flow\" style=\"flex-basis: 100%;\">\r\n<div class=\"wp-block-group\">\r\n<div class=\"wp-block-group__inner-container is-layout-flow\">\r\n<figure class=\"wp-block-table is-style-regular\">\r\n<p>Grupos de Trabalhos do XI Semin\u00e1rio Nacional da Licenciatura em Matem\u00e1tica.<\/p>\r\n<p>GT1: Desafios e perspectivas na forma\u00e7\u00e3o do professor ;<\/p>\r\n<p>GT2: Pr\u00e1ticas Pedag\u00f3gicas e quest\u00f5es curriculares;<\/p>\r\n<p>GT3:\u00a0 Educa\u00e7\u00e3o Especial na perspectiva da Educa\u00e7\u00e3o Inclusiva;<\/p>\r\n<p>GT4: Psicologia, Filosofia e Hist\u00f3ria da Matem\u00e1tica<\/p>\r\n<p>GT5: Pol\u00edticas P\u00fablicas e Forma\u00e7\u00e3o Humana.<\/p>\r\n<\/figure>\r\n<\/div>\r\n<\/div>\r\n<\/div>\r\n<\/div>\r\n\r\n\r\n\r\n<p><strong>SUBMISS\u00c3O DE TRABALHOS: At\u00e9 20\/04\/2026.<\/strong><\/p>\r\n\r\n\r\n\r\n\r\n\r\n<p><a href=\"https:\/\/forms.gle\/WPao94BqYHkxf4Ys7\">Link de Submiss\u00e3o dos Trabalhos<\/a><\/p>\r\n","protected":false},"excerpt":{"rendered":"<p>Grupos de Trabalhos do XI Semin\u00e1rio Nacional da Licenciatura em Matem\u00e1tica. GT1: Desafios e perspectivas na forma\u00e7\u00e3o do professor ; GT2: Pr\u00e1ticas Pedag\u00f3gicas e quest\u00f5es curriculares; GT3:\u00a0 Educa\u00e7\u00e3o Especial na perspectiva da Educa\u00e7\u00e3o Inclusiva; GT4: Psicologia, Filosofia e Hist\u00f3ria da&#8230;<br \/><a class=\"read-more-button\" href=\"https:\/\/semat.cachoeiro.ifes.edu.br\/index.php\/submissao-de-trabalhos\/\">Read more<\/a><\/p>\n","protected":false},"author":1,"featured_media":0,"parent":0,"menu_order":0,"comment_status":"closed","ping_status":"open","template":"","meta":[],"_links":{"self":[{"href":"https:\/\/semat.cachoeiro.ifes.edu.br\/index.php\/wp-json\/wp\/v2\/pages\/13"}],"collection":[{"href":"https:\/\/semat.cachoeiro.ifes.edu.br\/index.php\/wp-json\/wp\/v2\/pages"}],"about":[{"href":"https:\/\/semat.cachoeiro.ifes.edu.br\/index.php\/wp-json\/wp\/v2\/types\/page"}],"author":[{"embeddable":true,"href":"https:\/\/semat.cachoeiro.ifes.edu.br\/index.php\/wp-json\/wp\/v2\/users\/1"}],"replies":[{"embeddable":true,"href":"https:\/\/semat.cachoeiro.ifes.edu.br\/index.php\/wp-json\/wp\/v2\/comments?post=13"}],"version-history":[{"count":22,"href":"https:\/\/semat.cachoeiro.ifes.edu.br\/index.php\/wp-json\/wp\/v2\/pages\/13\/revisions"}],"predecessor-version":[{"id":792,"href":"https:\/\/semat.cachoeiro.ifes.edu.br\/index.php\/wp-json\/wp\/v2\/pages\/13\/revisions\/792"}],"wp:attachment":[{"href":"https:\/\/semat.cachoeiro.ifes.edu.br\/index.php\/wp-json\/wp\/v2\/media?parent=13"}],"curies":[{"name":"wp","href":"https:\/\/api.w.org\/{rel}","templated":true}]}}

Submissão de Trabalhos

<div class="wp-block-columns is-layout-flex wp-container-3">
<div class="wp-block-column is-layout-flow" style="flex-basis: 100%;">
<div class="wp-block-group">
<div class="wp-block-group__inner-container is-layout-flow">
<figure class="wp-block-table is-style-regular">
<p>Grupos de Trabalhos do XI Seminário Nacional da Licenciatura em Matemática.</p>
<p>GT1: Desafios e perspectivas na formação do professor ;</p>
<p>GT2: Práticas Pedagógicas e questões curriculares;</p>
<p>GT3:  Educação Especial na perspectiva da Educação Inclusiva;</p>
<p>GT4: Psicologia, Filosofia e História da Matemática</p>
<p>GT5: Políticas Públicas e Formação Humana.</p>
</figure>
</div>
</div>
</div>
</div>



<p><strong>SUBMISSÃO DE TRABALHOS: Até 20/04/2026.</strong></p>





<p><a href="https://forms.gle/WPao94BqYHkxf4Ys7">Link de Submissão dos Trabalhos</a></p>

<p>Grupos de Trabalhos do XI Seminário Nacional da Licenciatura em Matemática. GT1: Desafios e perspectivas na formação do professor ; GT2: Práticas Pedagógicas e questões curriculares; GT3:  Educação Especial na perspectiva da Educação Inclusiva; GT4: Psicologia, Filosofia e História da&#8230;<br /><a class="read-more-button" href="https://semat.cachoeiro.ifes.edu.br/index.php/submissao-de-trabalhos/">Read more</a></p>
