{"id":126,"date":"2014-04-09T18:10:43","date_gmt":"2014-04-09T21:10:43","guid":{"rendered":"https:\/\/semat.ci.ifes.edu.br\/?page_id=126"},"modified":"2026-01-20T15:11:29","modified_gmt":"2026-01-20T18:11:29","slug":"a-quem-se-destina","status":"publish","type":"page","link":"https:\/\/semat.cachoeiro.ifes.edu.br\/index.php\/a-quem-se-destina\/","title":{"rendered":"A quem se destina"},"content":{"rendered":"<p>O evento possui abrang\u00eancia nacional e tem como p\u00fablico alvo alunos de Licenciatura e p\u00f3s-gradua\u00e7\u00e3o em Matem\u00e1tica, pesquisadores e professores de Matem\u00e1tica, comunidade externa, interessados no desenvolvimento cient\u00edfico e \u00e1reas afins.<\/p>\n","protected":false},"excerpt":{"rendered":"<p>O evento possui abrang\u00eancia nacional e tem como p\u00fablico alvo alunos de Licenciatura e p\u00f3s-gradua\u00e7\u00e3o em Matem\u00e1tica, pesquisadores e professores de Matem\u00e1tica, comunidade externa, interessados no desenvolvimento cient\u00edfico e \u00e1reas afins.<\/p>\n","protected":false},"author":1,"featured_media":0,"parent":0,"menu_order":0,"comment_status":"closed","ping_status":"open","template":"","meta":[],"_links":{"self":[{"href":"https:\/\/semat.cachoeiro.ifes.edu.br\/index.php\/wp-json\/wp\/v2\/pages\/126"}],"collection":[{"href":"https:\/\/semat.cachoeiro.ifes.edu.br\/index.php\/wp-json\/wp\/v2\/pages"}],"about":[{"href":"https:\/\/semat.cachoeiro.ifes.edu.br\/index.php\/wp-json\/wp\/v2\/types\/page"}],"author":[{"embeddable":true,"href":"https:\/\/semat.cachoeiro.ifes.edu.br\/index.php\/wp-json\/wp\/v2\/users\/1"}],"replies":[{"embeddable":true,"href":"https:\/\/semat.cachoeiro.ifes.edu.br\/index.php\/wp-json\/wp\/v2\/comments?post=126"}],"version-history":[{"count":12,"href":"https:\/\/semat.cachoeiro.ifes.edu.br\/index.php\/wp-json\/wp\/v2\/pages\/126\/revisions"}],"predecessor-version":[{"id":765,"href":"https:\/\/semat.cachoeiro.ifes.edu.br\/index.php\/wp-json\/wp\/v2\/pages\/126\/revisions\/765"}],"wp:attachment":[{"href":"https:\/\/semat.cachoeiro.ifes.edu.br\/index.php\/wp-json\/wp\/v2\/media?parent=126"}],"curies":[{"name":"wp","href":"https:\/\/api.w.org\/{rel}","templated":true}]}}

<p>O evento possui abrangência nacional e tem como público alvo alunos de Licenciatura e pós-graduação em Matemática, pesquisadores e professores de Matemática, comunidade externa, interessados no desenvolvimento científico e áreas afins.</p>
